 3*w - 4*o - 186 = -o. Let g = 1423 - w. Is g composite?
False
Let z = -31 - -34. Suppose -z*y + 2345 = 2*y. Is y composite?
True
Suppose 4*o - w + 6 = 0, 3*w + 8 = -w. Let n = -230 + 233. Is 246/2 - (o + n) a prime number?
False
Let n(s) = s**2 + 20*s + 26. Let j be n(-18). Let r(v) = -v**3 - 10*v**2 - 10*v + 11. Is r(j) a prime number?
False
Let b be 1/3*0 - 0. Let i(n) = -15*n**2 + 39 - 10 + 94 + 17*n**2. Is i(b) a prime number?
False
Let s = 8 + -44. Let y = -21 - s. Is 1/5 - (-5952)/y prime?
True
Let g(a) = -2*a. Let y be g(-3). Suppose 3*o = x - y*x + 498, -5*o = -2*x + 193. Let n = x - -232. Is n prime?
True
Let q(o) = o**3 + 20*o**2 + 10*o - 6. Let i be q(-20). Let z = i - -525. Is z composite?
True
Let p = -77 + 53. Let d = -26 - -52. Let r = p + d. Is r a prime number?
True
Let d(a) = a + 11. Let y be d(-7). Suppose y*q + 2741 = 4*o + q, -5*o - 5*q = -3400. Is o composite?
False
Let o be 16/(7 - 3) - 180. Let u = o + 353. Is u a prime number?
False
Let f be (1*-2)/(6/(-21)). Let l be ((-2)/(-4))/(f/70). Suppose -l*g + 5*c + 120 = 0, 5*g - 5*c = -c + 117. Is g a composite number?
True
Let m = -5436 + 11674. Let z = m + -3621. Is z a composite number?
False
Suppose -3*z - 2*m = -10170 - 1751, -z + 5*m = -3968. Is z composite?
True
Suppose 3*u = 5*s + 26, -5*s - 11 = -2*u + 13. Let f be (-6)/s*(-4)/6. Is (f - 130)/((-2)/2) prime?
True
Let q be 0*(-1 + 4/3). Suppose -99 = 2*b - 3*b. Suppose -h + 3 = q, -3*l = h - 2*h - b. Is l prime?
False
Let h = 25 - 25. Suppose g + 3 + h = 0. Let v(d) = -13*d - 2. Is v(g) composite?
False
Suppose -b + 2*b - 757 = -5*h, 0 = -5*h + 4*b + 747. Let r = 266 - h. Let x = 486 - r. Is x a composite number?
True
Suppose -22*h + 127232 - 28210 = 0. Is h a composite number?
True
Let f(r) = -115*r - 7. Let w(x) = 115*x + 8. Let t(a) = -6*f(a) - 5*w(a). Is t(11) prime?
False
Is (7 - 60669)/(-2) + 10 a prime number?
True
Let o = 29 - -30. Let u = o - -262. Is u a prime number?
False
Let b be (1*(-1 + -3))/(-2). Let r = -18 + b. Is (24/r)/((-3)/716) a prime number?
False
Let w = -4194 - -7537. Is w a composite number?
False
Suppose 19*x - 20*x = -3. Let k(v) = 241*v - 16. Is k(x) a composite number?
True
Let v(j) = j - 4. Let p be v(7). Is (13 - 394)*(-1)/p composite?
False
Is ((-1)/5*1)/(86/(-3934930)) a prime number?
True
Let t = -1211 + 1743. Suppose 0 = 2*v - 7*v + s, -v = -s. Suppose -2*b + t = 2*b - 4*m, v = 4*m. Is b composite?
True
Suppose 7*q = -511 + 6734. Is q a composite number?
True
Let d(w) = w**3 - 10*w**2 + w. Let b be d(10). Suppose 8*h = b*h - 374. Is h prime?
False
Is 9023 + -23 + 2/(-2) composite?
False
Suppose 16*r = 20*r - 2708. Is r composite?
False
Suppose 6*s - s = 3*y - 117, -179 = -5*y + 3*s. Suppose -5*r + 41 = -y. Let z(n) = n**3 - 12*n**2 - 22*n + 20. Is z(r) composite?
True
Suppose -1 = -3*c + 8. Suppose 0*j - 15 = -c*j. Suppose 36 = n - j*u, 3*n - 5*u - 113 - 25 = 0. Is n a composite number?
True
Suppose -194949 = -5*m - 4*i, 2*m - 53410 = -3*i + 24564. Is m prime?
True
Let c(y) = 5*y**3 - 20*y**2 - 28*y + 16. Is c(11) composite?
False
Let c(r) = -4*r**2 + 8 - 5*r**2 - 10*r**3 + 9*r**3. Let x be c(-9). Suppose 5*u = x*u - 354. Is u a composite number?
True
Suppose -4*m = -3*m - 53. Suppose l - m = -4*n + 202, 3*l - 776 = -n. Is l a prime number?
False
Suppose 6*n + 2*l + 14 = 3*n, 5*l - 10 = 0. Let o(g) be the second derivative of -13*g**3/6 - 9*g**2/2 + 5*g. Is o(n) a composite number?
True
Suppose 3*s - 42 = -9*v + 4*v, 0 = -4*v - 3*s + 33. Is (-18)/v*583/(-2) a prime number?
False
Let w = -65 - -114. Let h = w - 153. Let q = 233 - h. Is q prime?
True
Let r(z) = -7580*z + 541. Is r(-6) prime?
True
Let w = -4078 - -9245. Is w composite?
False
Let j be (-3)/(-5)*-1*5. Let s be ((-33)/9 + 3)*j. Suppose 4*z - s*f = z + 101, -z + 47 = -4*f. Is z composite?
False
Suppose -6387 = 41*w - 44*w. Is w composite?
False
Suppose 26*j + 8586 = 122752. Is j a prime number?
True
Let f(q) = 3*q**2 - q + 7. Let k be f(-9). Suppose -2*t = z - 7*t - 118, -3*z = 4*t - k. Suppose 5*o + 3*b = -z + 686, 101 = o + 5*b. Is o prime?
False
Let w(t) = t**3 + 8*t**2 - 8*t + 5. Let u(j) = j**2 + 9*j + 5. Let h be u(-7). Let p be w(h). Is (-9 - p)*1*-53 prime?
False
Let o(w) = 7*w - 39. Let q be o(5). Let v(d) = -5*d**2 - 9*d + 15. Let c(m) = -7*m**2 - 14*m + 23. Let p(g) = 5*c(g) - 8*v(g). Is p(q) a prime number?
True
Let f = 717 - -1084. Is f prime?
True
Suppose 4*p = -4*u + 8, -5*u + 4 = 3*p - 8. Suppose -5*g = -u*s - 1050, -20 = 4*g + 3*s - 887. Is g a composite number?
True
Let q(i) = i**2 + 4*i - 3. Let n be q(-5). Suppose n*w - 5 = 5, 3*x = 3*w. Suppose -x*k - 5*h = -115, -3*h + 0*h = -2*k + 46. Is k a prime number?
True
Is (-53 - -49) + (-1 - -706) a prime number?
True
Let c(b) = -19*b + 9. Let k be c(-4). Let l = 152 - k. Is l a composite number?
False
Let m be 40/18 - 20/90. Suppose -5*w - 23 = 2*v, 2*v + 0*v = m*w - 2. Is (-11)/1*(-8 - w) composite?
True
Let k = 139 - 12. Is k a prime number?
True
Let k = -428 - -229. Let l = k + 312. Is l composite?
False
Let v(t) be the third derivative of 41*t**6/12 - t**5/60 - t**4/12 - t**3/6 + 23*t**2. Is v(2) prime?
True
Suppose -845 = -5*m + 5*c, -3*m - m = 4*c - 652. Suppose 0*v - z - m = -v, 1 = z. Suppose 0 = 4*w - 581 - v. Is w a prime number?
False
Suppose -4*g = 20 - 44. Let w(f) = 9*f - f + 7*f - 5. Is w(g) composite?
True
Suppose 0*i + 5*i = 0. Suppose 2*d - 7*d + 4*g = i, 2*g = 5*d - 10. Suppose d*y - 69 = 3*y. Is y a prime number?
False
Suppose -2*c - 4*v + 20 = 2*c, 5*c = 5*v + 5. Let b = 20 + -13. Suppose -c*z - 1580 = -b*z. Is z a composite number?
True
Suppose o + 2*j - 10 = 4*j, 0 = 3*j + 12. Suppose -o*a = -4*a + 1282. Is a composite?
False
Let w(b) = 28*b**2 + 3*b - 17. Is w(6) a prime number?
True
Let i be (-46)/(-6) - (-5 + (-51)/(-9)). Is i + 600 + 3 + 1 composite?
True
Let b be 174/(-2 - 1)*(-22)/(-4). Let i = 612 + b. Is i prime?
True
Let t(i) = 85*i**2 + 4. Let u = 21 + -18. Is t(u) a composite number?
False
Suppose u + y + 2*y = -514, 2*y = -2*u - 1040. Let q = u - -830. Is q a prime number?
True
Suppose 10*b - 5*b - 52685 = 0. Is b prime?
False
Suppose w - 2280 - 18248 = -3*x, 0 = -3*x - 15. Is w a composite number?
False
Suppose 11*o - 10716 = 17*o. Let x = o - -3123. Is x a composite number?
True
Suppose -3*u = 0, -2*u + 967 = -f + 4374. Is f composite?
False
Let s be (14/6)/(-7) - 1915/(-3). Suppose -h + 2*t + 2*t + 241 = 0, 3*h - s = -5*t. Is h composite?
True
Let n = -50 + 53. Suppose -n*c = 310 - 1069. Is c prime?
False
Let z be (-1)/((-5)/2) - 69/(-15). Suppose -903 = -o - 2*o + z*l, 1204 = 4*o + 5*l. Is o a composite number?
True
Let h be (2494/(-14) + 5)/((-4)/42). Suppose 44 = -2*o + h. Is o composite?
False
Let p(j) = -j**2 - 6*j - 6. Let q be p(-4). Suppose q*g - 122 = b, 0*g + 4*g - 256 = 5*b. Suppose -3*l - k = -1138, -1456 = -4*l + k + g. Is l prime?
True
Let w be 3/2*(-4)/(-6)*3. Suppose -w*p = -6*p + 5505. Is p a prime number?
False
Let j be ((-2456)/(-12))/(2/33). Suppose -6*a - 959 + j = 0. Is a a composite number?
True
Suppose -4*z = -5*b + 717 - 30147, 0 = -z - 3*b + 7349. Is z a prime number?
False
Suppose 0 = -3*y + 4*z - 12081 + 1543, -5*y + 3*z - 17578 = 0. Let i be -4 - (y - (-2 - -3)). Suppose -2*g = 3*g - i. Is g composite?
True
Let x = -11252 + 19665. Is x a prime number?
False
Suppose 1312438 + 675399 = 19*p. Is p a prime number?
True
Let v(i) be the first derivative of -29*i**2/2 - 18*i + 12. Is v(-5) a prime number?
True
Let p = 26866 - 13539. Is p a composite number?
False
Suppose 5*z - 3*z - 4*a = -24, -z - 2 = 3*a. Let b(t) = -2*t**3 - 12*t**2 - 9*t + 6. Is b(z) a composite number?
True
Let r = 343 + -169. Let l be (3 + r)*(3 - 2). Suppose 7*w - 4*w - l = 0. Is w prime?
True
Let c = 26 - 26. Suppose -682 - 100 = -2*v - 4*l, c = 4*v + 5*l - 1570. Is v a prime number?
False
Suppose g = 2*g. Let u(t) = t**2 + t + 2. Let z be u(g). Is (-445)/z*14/(-35) a composite number?
False
Suppose -4*c = c + 2*t - 75, -15 = -c - 5*t. Suppose 6 - c = -3*b. Suppose 1010 = 5*m + 4*r, r + 2 = -b. Is m a composite number?
True
Suppose -2805 = -o + 2572. Is o composite?
True
Suppose 15 = -3*v - 15. Is (-3)/(-5) + (-524)/v composite?
False
Suppose -15 = 5*r, 2*g = -r + 2*r + 941. Is g composite?
True
Suppose 0 = 22*x - 20